5
Let n(g) = g + 5. Suppose 12 = 2*s + 3*p, 3*s = 3*p - 3 - 9. What is n(s)?
5
Let q(l) = 3*l**3 + l**2 + 2*l - 3. Let n(g) = -g + 1. Let k(w) = 2*n(w) + q(w). Give k(-1).
-3
Let b(q) = q**3 - 8*q**2 + 4. Let s be b(8). Let p(t) = -t - 1. Let j(o) = 5*o - 3. Let f(x) = j(x) + 2*p(x). Calculate f(s).
7
Let q(d) be the first derivative of d**4/4 - 2*d**3/3 - 2*d**2 + 4*d - 6. Let x(i) = i - 1. Let m be x(4). Calculate q(m).
1
Let u(n) = 5*n**2 + 7*n**2 + 0 - 2*n - 1. Suppose 34*q + 4 = 30*q. What is u(q)?
13
Let z be (7/(-2))/(4/(-8)). Let s = z + -2. Let l(i) = -i**3 + 4*i**2 + 2*i + 7. Determine l(s).
-8
Let s(c) = -7*c**2 - c + 7. Let b(o) = o**2 - 1. Let l(d) = 5*b(d) + s(d). Let m be l(-2). Let a(y) = -2*y - 4. Calculate a(m).
4
Suppose -2*l - 6 = -2*x, -5 = -l - 5*x + 16. Let r(o) = -l - o**2 + 0 - 4*o**2 + 4*o**2. Calculate r(-3).
-10
Suppose -8*a - 34 = 9*a. Let k(w) = -3*w**3 - 3*w**2 - w - 2. What is k(a)?
12
Let g(t) = 3*t - 3. Let v = 14 - 9. Calculate g(v).
12
Let c(b) = b**2 - 8*b - 8. Let t(v) = v**2 + 7*v - 22. Let s be t(-10). What is c(s)?
-8
Let c(z) = -z**2 + 4*z - 2. Let f = -3 - -7. Determine c(f).
-2
Let d(x) = 11*x**2 - 1. Let n be (-6)/24 - 3/4. Determine d(n).
10
Let u be (-3 - -4) + -1*7. Let p(j) = -j**3 - 7*j**2 - 4*j + 5. Give p(u).
-7
Let u(p) be the first derivative of 2 - 2*p**2 + 1/4*p**4 + p + p**3. Determine u(-4).
1
Let y = 15 + -21. Let m(u) = -2*u - 14 + 4 + 4. What is m(y)?
6
Let c(x) = x**2 + 4*x - 1. Let b be c(-3). Let v(j) be the third derivative of j**5/60 + 5*j**4/24 + 5*j**3/6 + 41*j**2. Determine v(b).
1
Suppose -t + 7 = c, t + 0*c - 2*c = -2. Let z(a) = a + 3*a + 4 - 5*a. Calculate z(t).
0
Let q(t) = t**2 + 8*t - 10. Let l be q(-9). Let w(b) = 1. Let a(u) = -u + 2. Let c(d) = 3*a(d) - 5*w(d). Give c(l).
4
Let w(f) = -f**2 + 5*f. Let a(x) = 4*x**2 - 15*x + 1. Let g(z) = 2*a(z) + 7*w(z). What is g(-4)?
-2
Let d(z) = z + 7. Let y(n) = 4*n + 6. Let r be y(6). Suppose v - 5 = 2*v, 5*g + r = -2*v. Determine d(g).
3
Let z(r) be the third derivative of -r**2 + 0*r**3 + 0 + 1/24*r**4 + 0*r. Suppose 3*o = -3*k + 2 - 5, -2*o - 11 = -k. What is z(k)?
3
Suppose -9*v = -7*v. Let k(x) = -5*x + 6*x - 3*x**3 + v*x**3 + 2*x**3. Calculate k(0).
0
Let t(c) = -2*c**2 + 4*c - 4. Suppose -5*w + 2 = -13. What is t(w)?
-10
Let u(t) = -2*t + 12. Let z(g) = -1. Let a(d) = u(d) + 8*z(d). Determine a(3).
-2
Let w(a) = -9*a + 0*a - 2*a**2 + 14*a - 4. Calculate w(3).
-7
Suppose -3*l = -2*l - 4*c + 16, -5*c = -25. Let i(z) = -5 - 4*z - z + l*z. Suppose 3*b - 229 + 244 = 0. Give i(b).
0
Suppose 3*v + 13 = -5*i, 0 = 2*v - 7*v - 2*i - 28. Let f = v + 0. Let r be 4/f - (-17)/3. Let x(s) = s**2 - 5*s + 2. Calculate x(r).
2
Let v(p) = 13*p - p**3 - 23*p - 2*p**2 + 13*p + 3. Determine v(-2).
-3
Let k(p) be the second derivative of -p**6/120 - p**3/6 + 3*p**2/2 - p. Let n(f) be the first derivative of k(f). What is n(2)?
-9
Let c(g) be the second derivative of -g**4/12 + 3*g**2/2 + 15*g. Calculate c(-3).
-6
Let q(y) = -22 + 17 - 6*y + 5*y. What is q(-6)?
1
Let z(s) = s**3 - 86 - 2*s + 86 - 3*s**2. Determine z(4).
8
Suppose -x - o + 4*o = 4, -5*o = -10. Let m(w) = -4*w - 2. Determine m(x).
-10
Let k be ((-4)/(-6))/1 - 20/12. Let l(w) be the third derivative of -w**4/8 + w**2. Calculate l(k).
3
Suppose 0 = 3*u + 3*p + 24, 2*p + 2 = 2*u - 2. Let i be (0 - u)*(-2)/(-3). Let z(n) = 2*n**2 + 0*n - 4*n**2 + n. What is z(i)?
-6
Let c(i) = 5*i**3 - i - 3 - 2 + 6. What is c(1)?
5
Suppose 4*k - 29 = 5*k - 5*j, 0 = 4*k - j + 78. Let x = 13 + k. Let q(g) = -g**3 - 6*g**2. Give q(x).
0
Suppose 2*b = 4*b - 2. Let h(c) = 1. Let k(f) = 2*f**2 - 1. Suppose 5*r - 5*y = -25, 0 = -r + 4*y - 2*y - 9. Let t(a) = r*k(a) - h(a). Determine t(b).
-2
Let h(s) = -s**3 - 2*s**2 + 6*s + 8. Let q(k) = -k**2 + k - 1. Let a(m) = h(m) + 3*q(m). Let d be -1*(7 + 0) + 1. Calculate a(d).
-13
Suppose 0 = -4*h - 0*m + 2*m + 6, 3*h + m - 12 = 0. Let u(z) be the third derivative of z**6/120 - z**5/20 - z**4/8 - z**3/3 + z**2. Calculate u(h).
-11
Let b(a) = a**2 - 5*a - 3. Suppose -4*y - 10*o = -5*o - 26, -5*o = 2*y - 18. Determine b(y).
-7
Let j be ((-3)/4)/((-3)/(-108)). Let c be j/12 + (-1)/(-4). Let f(n) be the first derivative of 2*n**3/3 + 3*n**2/2 + n + 1. Calculate f(c).
3
Suppose -81 + 13 = -17*z. Let f(c) = -c - 4. Calculate f(z).
-8
Suppose -5 - 10 = 3*m + 3*p, 4*m - 2*p - 10 = 0. Let l(w) be the third derivative of -w**4/24 + w**3/3 + 10*w**2. Calculate l(m).
2
Let s(y) = 3*y + 1. Suppose 5*b - 14 = 2*c, 3*b = 5*b - 3*c - 10. Let i be (4 - b)*(-2)/(-4). Give s(i).
4
Let m be (-8 - -2)/((-6)/4). Let w(x) = -2176*x**3 + 5 + 5*x**2 - 1 - 6*x + 2175*x**3. Calculate w(m).
-4
Let a(k) = k + 1 + 5*k**3 - 10*k**3 + 0*k**3. What is a(-1)?
5
Let g(y) = 7*y**2 - 8 + 2 + 17*y + y**3 - 11*y. Determine g(-6).
-6
Let d(k) = -k - 7. Suppose -3*t = -v - 0*t, -4*t + 7 = v. Let x(j) = 0 - v + 4. Let a(s) = -d(s) - 6*x(s). Determine a(0).
1
Suppose 0 = 4*p - 0*p - 36. Let r = -7 + p. Suppose 4*h - r*l = -10, -40 + 15 = 3*h + 2*l. Let x(w) = w**2 + 4*w - 7. What is x(h)?
-2
Let r = 43 - 36. Let g(z) be the first derivative of 1/3*z**3 + 1/2*z**2 + 1 - r*z. What is g(0)?
-7
Suppose 4*c - 2*l + 192 = 0, 0 = -l - l. Let m be (c/40)/((-1)/(-5)). Let s(z) = 0*z**2 + z**2 + 4*z + 3*z + 3. Give s(m).
-3
Let h = 11 + -9. Let x(j) be the first derivative of h - j + 1/2*j**2. What is x(2)?
1
Suppose 0 = -5*o - 10, 2*o + 22 = -3*s - 3*o. Let i(u) be the third derivative of -u**5/60 - u**4/8 + 2*u**3/3 - 14*u**2. What is i(s)?
0
Let z(h) be the second derivative of 2*h + 0*h**2 - 1/360*h**6 - 1/8*h**4 + 0 + 1/3*h**3 - 1/60*h**5. Let b(j) be the second derivative of z(j). What is b(-2)?
-3
Suppose 4*j - 5*s - 15 = j, 3 = -s. Suppose 0 = 5*k - 5. Let r(c) = 3*c**2 + 4 + k + c**2 - 3*c**2. Calculate r(j).
5
Let f(c) = 3*c**2 + 2*c - 4. Let u(q) = 7*q**2 + 3*q - 7. Let t(s) = -5*f(s) + 2*u(s). Let m be t(-5). Let l(p) = -1 + 9 - p + m. Calculate l(5).
4
Let c(x) = -x**2 + 9*x - 8. Let d(a) be the third derivative of a**4/24 - a**3 + 4*a**2. Let z be d(12). What is c(z)?
10
Let i(c) = 7*c**2 - 9*c + 15. Let f be 2/9*3*-6. Let d = f - 4. Let a(g) = 11*g**2 - 13*g + 23. Let b(m) = d*i(m) + 5*a(m). What is b(5)?
5
Let c(h) = -h**3 - h**2 + 1. Suppose 2*q = 3*q. Suppose -2*k + 2 = -q. Determine c(k).
-1
Let o be (8/(-6))/(29/9 - 3). Let g(y) = -y**2 - 5*y + 8. Determine g(o).
2
Let j(z) be the first derivative of z**4/4 - 2*z**3 + 2*z - 3. Give j(6).
2
Let z(r) = -r. Suppose 2*t + 4 = -2*t. Let n = t + 3. Give z(n).
-2
Let j be 0 + (3 - 5 - -2). Suppose j = -0*y + 3*y + 3*n + 6, -y = 2*n. Let f(r) = -r - 9. Determine f(y).
-5
Let q(b) = -2*b + 5. Let h(a) = a - 2. Let u(f) = -7*h(f) - 3*q(f). Give u(-4).
3
Let q be 5/(-15)*1*0. Let o(b) be the second derivative of b**4/12 - b**3/6 + 3*b**2 - b. Determine o(q).
6
Let o(u) be the second derivative of -u**3/2 + 3*u**2/2 - 5*u. Calculate o(3).
-6
Let w(a) = -a**3 - 2*a**2 - 3. Let s be (-2)/(-9) - 356/(-18). Suppose v + 18 = -5*q - 2*v, 0 = -5*q - 5*v - s. What is w(q)?
6
Let g(b) = 5*b**2 + 4*b - 2. Let q(l) = 4*l. Let u be q(-1). Let s(j) = -11*j**2 - 9*j + 5. Let k(w) = u*s(w) - 9*g(w). Let x be 4/(-10) - 572/220. Give k(x).
-11
Let g(h) = h**3 - 3*h**2 - 4*h + 4. Let f = -40 - -43. Give g(f).
-8
Suppose -2*u = -u + 6. Let v(x) = -x**3 - 6*x**2 + 3. Calculate v(u).
3
Let q(p) = p**2 - p + 2. Let r = -5 + 7. Suppose 3*j + r*j = -25, -3*j = 2*o + 15. What is q(o)?
2
Let o(a) be the third derivative of -a**4/24 - 2*a**2. Suppose -u + 84 = 3*u. Suppose 0 = -5*l - 1 + u. Calculate o(l).
-4
Let r(t) = -2*t + 4. Let a be r(5). Let h = -4 - a. Let y(v) = -4*v - v**3 - h + 4 - 3*v**2 - 4. Give y(-2).
2
Let v(k) be the second derivative of k**4/12 + k**3/6 + 5*k**2/2 + 2*k. Let c(l) = l**3 - 2*l**2 - 3*l. Let z be c(3). Calculate v(z).
5
Suppose 4*f = 9 - 1. Suppose 3 = f*k + k. Let l(w) = -7*w + 1. Calculate l(k).
-6
Let r(x) = -x. Let z = -6 - -6. Suppose z*a + a = 0. Let d = a - -4. Determine r(d).
-4
Let r(o) = o**2 - 2*o - 3. Let t be r(-2). Suppose 5*l - t*w = 0, -4*l - 21 = -2*l + 5*w. Let q(f) = f - 1. Give q(l).
-4
Let l(m) = 3*m**2 - 4*m + 5. Let a(i) = -i**2 - 1. Let x(t) = 2*a(t) + l(t). Suppose 1 = 5*p - 3*g, 6*g - 4 = -5*p + 8*g. Give x(p).
-1
Let i(